ivide 219861?
False
Is 11 a factor of 102597?
True
Is 6 a factor of 46629?
False
Is 43810 a multiple of 13?
True
Does 30 divide 5694112?
False
Is 5 a factor of 4165414?
False
Is 1834796 a multiple of 1268?
True
Does 20 divide 875940?
True
Is 232 a factor of 48952?
True
Does 22 divide 50037?
False
Is 208 a factor of 1011577?
False
Is 67140 a multiple of 6?
True
Does 21 divide 7641?
False
Is 36581 a multiple of 11?
False
Is 280 a factor of 1886360?
True
Is 264040 a multiple of 12?
False
Is 4066318 a multiple of 179?
False
Is 412583 a multiple of 347?
True
Does 132 divide 614040?
False
Is 970933 a multiple of 14?
False
Does 125 divide 62429?
False
Is 187697 a multiple of 19?
False
Is 186185 even?
False
Is 184 a factor of 4622798?
False
Is 165487 a multiple of 104?
False
Is 95238 a multiple of 111?
True
Is 30 a factor of 63270?
True
Does 11 divide 2053976?
False
Is 12 a factor of 13383468?
True
Does 12 divide 25884?
True
Is 28 a factor of 103488?
True
Is 5086635 a multiple of 1147?
False
Is 21 a factor of 12768?
True
Is 186115 a multiple of 186?
False
Is 1568000 a multiple of 14?
True
Is 152 a factor of 43620?
False
Does 18 divide 138312?
True
Does 575 divide 595700?
True
Is 240 a factor of 3259920?
True
Is 52 a factor of 1675138?
False
Is 19714 a multiple of 7?
False
Is 1371044 a multiple of 3?
False
Is 567 a factor of 216331?
False
Is 16 a factor of 78112?
True
Is 24 a factor of 34344?
True
Does 63 divide 97776?
True
Is 9697199 a multiple of 170?
False
Is 1258161 a multiple of 57?
True
Does 5 divide 24800?
True
Does 566 divide 88296?
True
Does 54 divide 338256?
True
Is 5615 a multiple of 90?
False
Is 147 a factor of 565803?
True
Does 3 divide 208785?
True
Is 90270 a multiple of 15?
True
Is 2092239 a multiple of 309?
True
Does 233 divide 994548?
False
Is 1241721 a multiple of 25?
False
Is 15 a factor of 1300639?
False
Does 54 divide 1835622?
True
Does 33 divide 43217?
False
Is 555 a factor of 2377620?
True
Is 6 a factor of 734776?
False
Does 21 divide 314181?
True
Is 27 a factor of 1240839?
True
Is 7421958 a multiple of 566?
True
Is 13 a factor of 1680742?
False
Is 364 a factor of 1256164?
True
Is 838147 a multiple of 9?
False
Is 457 a factor of 1675229?
False
Is 396 a factor of 2284147?
False
Does 234 divide 8217612?
True
Is 108 a factor of 20562?
False
Is 128 a factor of 4687872?
True
Does 22 divide 61930?
True
Is 198 a factor of 948618?
True
Is 97 a factor of 58685?
True
Does 21 divide 5076267?
True
Is 17 a factor of 956607?
True
Does 1939 divide 9057069?
True
Is 881504 a multiple of 8?
True
Is 64 a factor of 59712?
True
Is 26 a factor of 295537?
False
Is 1284 a factor of 69173?
False
Is 68780 a multiple of 95?
True
Is 215 a factor of 3438065?
True
Does 505 divide 217414?
False
Is 16 a factor of 12525488?
True
Is 106 a factor of 160802?
True
Does 18 divide 2123298?
True
Is 96 a factor of 265248?
True
Is 31212 a multiple of 102?
True
Is 3 a factor of 15290?
False
Is 140 a factor of 17435165?
False
Is 319550 a multiple of 110?
True
Is 584614 a multiple of 358?
True
Does 240 divide 15414885?
False
Is 931613 a multiple of 739?
False
Is 137412 a multiple of 18?
True
Does 292 divide 89426?
False
Is 286087 a multiple of 73?
True
Is 23 a factor of 184606?
False
Is 1142856 a multiple of 407?
True
Does 40 divide 55760?
True
Is 4408000 a multiple of 464?
True
Is 124 a factor of 199783?
False
Does 65 divide 397020?
True
Is 155655 a multiple of 27?
True
Is 5 a factor of 542996?
False
Does 8 divide 728082?
False
Is 1428660 a multiple of 215?
False
Does 47 divide 738998?
False
Is 21 a factor of 690249?
True
Is 1533141 a multiple of 1107?
False
Does 17 divide 26367302?
False
Is 2263548 a multiple of 21?
True
Is 10437 a multiple of 3?
True
Does 314 divide 5997714?
True
Does 49 divide 55581?
False
Does 4 divide 77520?
True
Is 16 a factor of 67472?
True
Is 10 a factor of 248060?
True
Is 900467 a multiple of 309?
False
Does 36 divide 107280?
True
Does 66 divide 78804?
True
Does 56 divide 206024?
True
Is 944421 a multiple of 320?
False
Is 136 a factor of 6241720?
True
Is 207352 a multiple of 96?
False
Is 475065 a multiple of 85?
True
Is 104981 a multiple of 10?
False
Is 37 a factor of 583120?
True
Does 38 divide 21496910?
False
Is 41 a factor of 274823?
True
Does 13 divide 1332559?
False
Is 86571 a multiple of 2?
False
Is 3 a factor of 86006?
False
Is 546 a factor of 3497967?
False
Does 2 divide 14961?
False
Is 1469 a factor of 5366257?
True
Is 417 a factor of 643848?
True
Is 97129 a multiple of 165?
False
Is 64 a factor of 956031?
False
Does 15 divide 996700?
False
Is 663620 a multiple of 13?
False
Is 113884 a multiple of 142?
True
Does 44 divide 79979?
False
Is 11 a factor of 546722?
True
Is 6588 a multiple of 9?
True
Is 38 a factor of 1533523?
False
Does 13 divide 157589?
False
Is 1827214 a multiple of 5?
False
Does 55 divide 33863?
False
Does 11 divide 1668128?
True
Is 44 a factor of 93920?
False
Does 27 divide 30291?
False
Is 21 a factor of 50887?
False
Does 3 divide 3135?
True
Is 17 a factor of 168902?
False
Is 22 a factor of 16639524?
True
Is 123 a factor of 6536835?
True
Does 28 divide 63522?
False
Is 10 a factor of 267020?
True
Is 59509 a multiple of 6?
False
Is 3 a factor of 66566?
False
Does 19 divide 888060?
True
Is 378 a factor of 27586?
False
Does 172 divide 99760?
True
Is 83712 a multiple of 6?
True
Is 51 a factor of 5167065?
True
Does 146 divide 30806?
True
Is 72 a factor of 750135?
False
Is 11 a factor of 1602?
False
Is 129339 a multiple of 63?
True
Does 80 divide 353120?
True
Does 11 divide 2684921?
False
Is 156 a factor of 187824?
True
Does 69 divide 162726?
False
Does 4 divide 1547960?
True
Is 511345 a multiple of 495?
False
Does 11 divide 3876465?
False
Does 224 divide 5121447?
False
Does 451 divide 2177428?
True
Does 44 divide 117153?
False
Is 5359959 a multiple of 9?
True
Is 11 a factor of 90167?
True
Does 74 divide 543523?
False
Does 3 divide 82164?
True
Does 4 divide 79015?
False
Does 429 divide 29601?
True
Is 61476 a multiple of 188?
True
Is 1900 a multiple of 5?
True
Does 11 divide 1036497?
True
Is 880411 a multiple of 55?
False
Does 1182 divide 9338982?
True
Is 1743840 a multiple of 12?
True
Is 3 a factor of 4935?
True
Is 69 a factor of 10437?
False
Is 1617278 a multiple of 17?
True
Is 1036585 a multiple of 235?
True
Is 2 a factor of 19058?
True
Is 134182 a multiple of 46?
True
Is 31 a factor of 293951?
False
Does 3 divide 571314?
True
Is 20356 a multiple of 138?
False
Is 382030 a multiple of 10?
True
Does 46 divide 4984376?
True
Does 106 divide 737230?
True
Is 4279010 a multiple of 70?
False
Is 32080 a multiple of 23?
False
Is 10 a factor of 63490?
True
Does 130 divide 43810?
True
Is 1407813 a multiple of 11?
True
Is 58 a factor of 3180283?
False
Is 29000 a multiple of 27?
False
Is 746 a factor of 843726?
True
Does 34 divide 1796288?
True
Does 5 divide 1213041?
False
Is 190 a factor of 138093?
False
Is 94 a factor of 879723?
False
Is 561781 a multiple of 7?
False
Is 25 a factor of 160950?
True
Does 145 divide 217935?
True
Does 137 divide 38771?
True
Is 2 a factor of 6928?
True
Is 7657040 a multiple of 40?
True
Is 195 a factor of 193830?
True
Is 2161 a factor of 3929863?
False
Is 4552409 a multiple of 14?
False
Is 6 a factor of 198631?
False
Does 543 divide 927987?
True
Is 1060727 a multiple of 10?
False
Is 470839 a multiple of 13?
False
Is 28 a factor of 371084?
True
Is 9 a factor of 69280?
False
Is 1432316 a multiple of 21?
False
Does 48 divide 3675984?
True
Does 12 divide 724686?
False
Does 2 divide 1758?
True
Is 185 a factor of 2174120?
True
Is 19 a factor of 352798?
False
Does 351 divide 273311?
False
Is 150262 a multiple of 20?
False
Does 302 divide 417968?
True
Is 154 a factor of 301640?
False
Does 1199 divide 7675919?
False
Is 2176445 a multiple of 20?
False
Does 57 divide 672962?
False
Is 100 a factor of 92100?
True
Is 2558043 a multiple of 13?
False
Is 552 a factor of 55200?
True
Is 8014029 a multiple of 177?
True
Does 49 divide 3622276?
True
Is 14 a factor of 57568?
True
Is 52092 a multiple of 12?
True
Is 96068 a multiple of 28?
True
Does 8 divide 17544?
True
Is 31 a factor of 2990?
False
Is 1642 a multiple of 43?
False
Is 4267872 a multiple of 438?
True
Is 3 a factor of 12403?
False
Does 8 divide 1192368?
True
Does 8 di